What is the greatest common factor of 29 and 5?
1
Calculate the highest common divisor of 918 and 648.
54
What is the highest common divisor of 85 and 187?
17
What is the greatest common factor of 1197 and 209?
19
What is the highest common factor of 27 and 144?
9
What is the highest common factor of 1765 and 10?
5
Calculate the highest common factor of 4966 and 26.
26
What is the greatest common divisor of 1008 and 1232?
112
Calculate the highest common factor of 387 and 783.
9
What is the greatest common divisor of 3564 and 22?
22
What is the greatest common factor of 250 and 90?
10
Calculate the highest common factor of 195 and 285.
15
Calculate the highest common factor of 4 and 120.
4
Calculate the highest common divisor of 140 and 308.
28
Calculate the highest common divisor of 1406 and 19.
19
What is the highest common divisor of 66 and 4125?
33
What is the highest common divisor of 63 and 210?
21
What is the highest common factor of 158 and 22831?
79
Calculate the highest common factor of 117 and 208.
13
Calculate the greatest common factor of 162 and 6.
6
What is the highest common factor of 522 and 58?
58
What is the greatest common divisor of 475 and 700?
25
What is the highest common factor of 6 and 666?
6
What is the greatest common factor of 11400 and 5016?
456
What is the greatest common divisor of 28 and 13748?
28
Calculate the highest common divisor of 11184 and 48.
48
What is the greatest common divisor of 248 and 12?
4
Calculate the highest common factor of 1216 and 192.
64
Calculate the greatest common factor of 1084 and 12.
4
Calculate the highest common divisor of 4770 and 225.
45
What is the highest common divisor of 18 and 486?
18
Calculate the highest common divisor of 85 and 40.
5
What is the greatest common divisor of 105 and 15?
15
Calculate the greatest common factor of 3403 and 415.
83
Calculate the highest common factor of 170 and 8.
2
What is the highest common divisor of 40 and 490?
10
Calculate the highest common divisor of 69 and 81.
3
What is the highest common factor of 15760 and 80?
80
Calculate the greatest common factor of 48 and 1176.
24
What is the highest common factor of 2971 and 1?
1
What is the greatest common factor of 84 and 378?
42
What is the highest common factor of 23 and 368?
23
Calculate the greatest common divisor of 9 and 10467.
9
Calculate the highest common factor of 306 and 816.
102
Calculate the highest common factor of 216 and 7632.
72
What is the highest common factor of 3 and 17?
1
Calculate the greatest common divisor of 952 and 153.
17
What is the greatest common divisor of 16 and 56?
8
What is the greatest common divisor of 1056 and 24?
24
What is the greatest common factor of 259 and 7?
7
Calculate the highest common divisor of 125 and 250.
125
What is the highest common divisor of 71 and 213?
71
Calculate the highest common divisor of 112 and 1328.
16
What is the highest common factor of 296 and 222?
74
Calculate the highest common divisor of 1712 and 107.
107
Calculate the highest common factor of 93032 and 232.
232
What is the greatest common divisor of 28 and 14?
14
Calculate the highest common factor of 715 and 110.
55
Calculate the highest common factor of 221 and 39.
13
Calculate the greatest common factor of 2820 and 60.
60
What is the greatest common factor of 672 and 2048?
32
Calculate the greatest common factor of 2115 and 54.
9
Calculate the highest common factor of 8 and 2.
2
What is the greatest common factor of 390 and 117?
39
Calculate the highest common factor of 2382 and 6.
6
What is the highest common factor of 917 and 7?
7
What is the greatest common divisor of 9 and 12?
3
Calculate the greatest common factor of 217 and 124.
31
Calculate the highest common divisor of 737 and 11.
11
What is the greatest common divisor of 38 and 152?
38
Calculate the highest common factor of 32 and 7408.
16
Calculate the highest common divisor of 192 and 1856.
64
What is the highest common factor of 119 and 14?
7
Calculate the greatest common factor of 128 and 48.
16
What is the greatest common factor of 34 and 527?
17
Calculate the highest common factor of 3 and 24.
3
Calculate the highest common divisor of 15 and 3405.
15
What is the highest common factor of 21 and 350?
7
What is the greatest common factor of 124 and 465?
31
What is the highest common factor of 52 and 988?
52
Calculate the highest common divisor of 380 and 2180.
20
What is the greatest common factor of 230 and 46?
46
What is the highest common divisor of 1364 and 132?
44
Calculate the greatest common divisor of 540 and 120.
60
Calculate the greatest common factor of 232 and 16.
8
What is the highest common factor of 57 and 133?
19
Calculate the highest common divisor of 200 and 8.
8
What is the highest common divisor of 56 and 16?
8
Calculate the greatest common divisor of 1207 and 238.
17
Calculate the greatest common divisor of 54 and 5238.
54
What is the greatest common factor of 345 and 23?
23
Calculate the greatest common divisor of 3225 and 1425.
75
Calculate the greatest common factor of 9342 and 162.
54
What is the highest common divisor of 13 and 209274?
13
Calculate the highest common divisor of 24667 and 34.
17
What is the greatest common divisor of 4424 and 224?
56
What is the greatest common divisor of 12 and 64?
4
Calculate the highest common factor of 92 and 3427.
23
What is the greatest common factor of 10 and 20?
10
What is the greatest common factor of 594 and 11?
11
What is the greatest common factor of 5390 and 35?
35
Calculate the highest common divisor of 1436 and 20.
4
What is the highest common factor of 1485 and 55?
55
Calculate the greatest common divisor of 49784 and 7.
7
Calculate the greatest common factor of 9577 and 122.
61
What is the greatest common factor of 41 and 328?
41
What is the highest common factor of 512 and 1728?
64
Calculate the greatest common divisor of 95 and 200.
5
What is the highest common divisor of 375 and 1275?
75
What is the highest common factor of 24 and 3?
3
Calculate the highest common divisor of 12 and 5298.
6
What is the highest common factor of 299 and 39?
13
What is the highest common factor of 8 and 296?
8
Calculate the highest common divisor of 7354 and 1.
1
What is the greatest common factor of 416 and 288?
32
What is the greatest common factor of 759 and 957?
33
Calculate the highest common factor of 105 and 28.
7
What is the greatest common factor of 196 and 7252?
196
Calculate the greatest common divisor of 927 and 1545.
309
What is the highest common factor of 90 and 240?
30
What is the greatest common divisor of 27 and 54?
27
Calculate the greatest common divisor of 75 and 1275.
75
Calculate the highest common factor of 24 and 336.
24
Calculate the highest common factor of 44 and 4906.
22
What is the greatest common factor of 1204 and 56?
28
What is the greatest common factor of 4 and 244?
4
What is the highest common factor of 658 and 98?
14
What is the highest common divisor of 57 and 57?
57
What is the greatest common divisor of 145 and 6989?
29
What is the highest common divisor of 1859 and 286?
143
What is the greatest common divisor of 1118 and 26?
26
What is the greatest common factor of 1515 and 2121?
303
Calculate the highest common divisor of 656 and 123.
41
Calculate the highest common factor of 426 and 6.
6
What is the greatest common divisor of 81 and 88371?
81
What is the highest common divisor of 1896 and 20?
4
What is the greatest common factor of 158600 and 100?
100
Calculate the greatest common divisor of 90 and 27.
9
Calculate the highest common factor of 182 and 3094.
182
Calculate the greatest common factor of 52 and 32.
4
What is the greatest common divisor of 10 and 160?
10
What is the highest common factor of 2065 and 5?
5
What is the highest common divisor of 35 and 23?
1
What is the greatest common factor of 10 and 13170?
10
Calculate the highest common factor of 14 and 13069.
7
Calculate the highest common divisor of 99 and 27.
9
What is the highest common factor of 455 and 5?
5
What is the greatest common divisor of 1682 and 87?
29
Calculate the greatest common factor of 66 and 77.
11
What is the greatest common divisor of 100 and 80?
20
Calculate the highest common factor of 200 and 32.
8
Calculate the hi